False
Is 2396015611 prime?
False
Is 76332991213 a prime number?
True
Is 3051327611 composite?
False
Is 1804963067 prime?
False
Is 15421350605 prime?
False
Is 1164636911 prime?
True
Is 1830818293 a composite number?
False
Is 307508765429 a composite number?
True
Is 502487477 prime?
True
Is 28830158867 composite?
False
Is 705866221 a prime number?
False
Is 2443046555 prime?
False
Is 14981945347 a prime number?
False
Is 23480617637 a composite number?
True
Is 2084570177 a composite number?
False
Is 2177545667 composite?
True
Is 3202131739 composite?
False
Is 6688687237 a composite number?
True
Is 235071138431 a prime number?
True
Is 8958157469 a prime number?
True
Is 7772722157 prime?
False
Is 200170889 prime?
True
Is 3458526947 prime?
True
Is 578541643 composite?
True
Is 2660350003 a composite number?
True
Is 237763651 a composite number?
False
Is 1935669877 prime?
False
Is 11016278993 composite?
False
Is 4111737211 a prime number?
True
Is 13831071341 a composite number?
False
Is 1147558933 prime?
True
Is 2331857269 a prime number?
False
Is 1692108487 prime?
True
Is 518298039499 a prime number?
True
Is 15375086201 prime?
False
Is 7462628441 a composite number?
False
Is 41110324921 a composite number?
False
Is 20178067435 a composite number?
True
Is 507361567 composite?
False
Is 5428452083 a composite number?
True
Is 48124478657 composite?
True
Is 837649301 a composite number?
True
Is 4729582843 a composite number?
False
Is 74842021 a prime number?
True
Is 189237833 a composite number?
False
Is 488805221 a composite number?
False
Is 4261868263 a prime number?
True
Is 12840246091 prime?
True
Is 71658200099 a composite number?
False
Is 4028717327 prime?
True
Is 3873336281 a prime number?
True
Is 2000855849 prime?
False
Is 60994149379 composite?
False
Is 52568867 prime?
False
Is 10019921059 composite?
False
Is 1515182791 prime?
False
Is 4019961289 composite?
True
Is 36799306295 a composite number?
True
Is 10494295673 composite?
True
Is 12304875511 a composite number?
True
Is 2744422459 composite?
False
Is 18115426211 a composite number?
False
Is 164765201 composite?
True
Is 517385683 composite?
True
Is 610094491 prime?
False
Is 31373740019 a composite number?
True
Is 59660403073 prime?
True
Is 64416594257 prime?
False
Is 11219955091 a prime number?
True
Is 8955993049 composite?
True
Is 13993065817 composite?
False
Is 7968010693 a prime number?
False
Is 2514372127 a composite number?
False
Is 4852206323 a prime number?
False
Is 1529142581 prime?
True
Is 52763776339 prime?
True
Is 62377953986 composite?
True
Is 7797203839 composite?
True
Is 2558716177 prime?
False
Is 2696762149 a composite number?
True
Is 186398131873 prime?
False
Is 15418762439 composite?
False
Is 5431602129 composite?
True
Is 1552063379 a composite number?
False
Is 3091316897 composite?
False
Is 5607280039 prime?
True
Is 4127806645 prime?
False
Is 3235006429 prime?
True
Is 54538462129 composite?
False
Is 862720079 a composite number?
True
Is 103142043703 composite?
False
Is 455367479 a prime number?
False
Is 2742194479 prime?
True
Is 52462339571 prime?
True
Is 1080785357 a prime number?
False
Is 327796591 prime?
False
Is 3934394767 prime?
True
Is 10941626635 a composite number?
True
Is 1907284481 a prime number?
True
Is 130075991963 prime?
False
Is 171921977 a prime number?
True
Is 972269063 a prime number?
False
Is 1223752993 a composite number?
True
Is 2234031977 a composite number?
False
Is 10848055411 a prime number?
False
Is 687939331 composite?
True
Is 6080963887 prime?
False
Is 213367948567 prime?
False
Is 5997446927 composite?
False
Is 23684655359 prime?
True
Is 14547752993 composite?
False
Is 8879468771 a prime number?
False
Is 362074729 a composite number?
True
Is 6003533617 a composite number?
False
Is 228983701 a prime number?
False
Is 10246630217 composite?
False
Is 20071047019 prime?
True
Is 12445511473 a composite number?
True
Is 6249379 composite?
False
Is 418272609 a composite number?
True
Is 8417638637 prime?
True
Is 8700511283 composite?
False
Is 1993367869 a composite number?
False
Is 12367295173 composite?
True
Is 663164503 a prime number?
True
Is 408636479 prime?
True
Is 1245296881 a composite number?
False
Is 89998879 composite?
False
Is 820769921 prime?
False
Is 2479674011 a prime number?
False
Is 275065135 prime?
False
Is 4590288797 prime?
True
Is 699740477 composite?
True
Is 8444531309 a composite number?
True
Is 12828255571 a prime number?
False
Is 9824738569 composite?
True
Is 18754335863 a composite number?
False
Is 108790016761 prime?
False
Is 31360402507 composite?
True
Is 596698807 a prime number?
False
Is 15148561 prime?
True
Is 16201613473 a prime number?
True
Is 710833979 prime?
False
Is 45508548977 a prime number?
True
Is 102579361 a composite number?
True
Is 31044722693 prime?
False
Is 9216828623 prime?
False
Is 655375489 a composite number?
True
Is 7273464463 composite?
False
Is 56458478387 a composite number?
True
Is 5229619023 a composite number?
True
Is 9795739543 composite?
True
Is 412045783 prime?
True
Is 10200210997 composite?
True
Is 12648919693 composite?
True
Is 18601243351 prime?
True
Is 1009248094 composite?
True
Is 3586577017 a composite number?
False
Is 302786309 a composite number?
True
Is 578241694 a composite number?
True
Is 829466749 composite?
False
Is 78972697 composite?
False
Is 3074535439 prime?
False
Is 1209480641 a composite number?
True
Is 3752198855 composite?
True
Is 4320456361 composite?
True
Is 108480341 a prime number?
True
Is 1012708198 a prime number?
False
Is 2549572169 prime?
True
Is 58689382099 prime?
True
Is 165888433 a prime number?
False
Is 125646877 composite?
False
Is 2839867711 a prime number?
True
Is 72144459799 composite?
False
Is 727321918 a composite number?
True
Is 208322772139 a composite number?
True
Is 1746799771 prime?
False
Is 890386081 prime?
False
Is 68663537491 composite?
False
Is 66289032391 composite?
False
Is 5839462523 a prime number?
False
Is 1131185441 a prime number?
True
Is 126560278823 a composite number?
True
Is 2320242101 composite?
False
Is 100876921 a composite number?
True
Is 1466701331 a composite number?
False
Is 3645911207 composite?
False
Is 576410749 a composite number?
False
Is 664626751 a prime number?
False
Is 6667315873 prime?
True
Is 11533248667 composite?
False
Is 31612898407 prime?
True
Is 121730495227 a composite number?
True
Is 1396182907 composite?
True
Is 7844624941 a composite number?
False
Is 18487731803 composite?
False
Is 12789758015 a prime number?
False
Is 10409644261 prime?
False
Is 5074267787 a prime number?
False
Is 5485544351 a composite number?
True
Is 45454246337 a prime number?
True
Is 1166929597 composite?
False
Is 179881844819 composite?
True
Is 97734638849 composite?
True
Is 3879019541 prime?
False
Is 1717351549 composite?
False
Is 196645249 a prime number?
True
Is 690253673 prime?
False
Is 642545671 a prime number?
True
Is 632844601 prime?
False
Is 1539023777 prime?
True
Is 88192407649 a composite number?
False
Is 983840699 a composite number?
False
Is 18134408939 a composite number?
True
Is 293058107 a prime number?
True
Is 68950039 a prime number?
False
Is 540634499 a prime number?
False
Is 11956039477 composite?
True
Is 170298203 composite?
False
Is 136170773 prime?
True
Is 2799034873 composite?
False
Is 2299204181 a composite number?
False
Is 199014202 prime?
False
Is 3973347913 a prime number?
False
Is 136742083 a prime number?
False
Is 18724858381 a composite number?
False
Is 72788280529 a composite number?
True
Is 716776681 composite?
True
Is 2761754309 a prime number?
True
Is 22754491906 composite?
True
Is 21371958329 composite?
False
Is 5350809229 a composite number?
True
Is 3012347 a composite number?
True
Is 157579423 a prime number?
True
Is 553749101 composite?
True
Is 88561073 prime?
True
Is 4450862027 composite?
False
Is 28463086193 composite?
True
Is 112926973 a composite number?
False
Is 205027223 composite?
True
Is 59335773977 a composite number?
False
Is 2866374733 a prime number?
True
Is 5445713881 a prime number?
False
Is 6275272397 a composite number?
False
Is 671883323 a composite number?
False
Is 26484360271 a composite number?
False
Is 98959309 composite?
False
Is 104944071 a composite number?
True
Is 21963429317 a pri